 by 29.
26
Let f = 799 - 551. Calculate the remainder when f is divided by 10.
8
Let k = -227 - -287. What is the remainder when 140 is divided by k?
20
Let h(c) = 37*c**2 - 1 + c + 2*c - 28*c**2 - 4*c. Calculate the remainder when 32 is divided by h(-1).
5
What is the remainder when 0 - (2 + -3 + -606) is divided by 87?
85
Suppose -4*b - 75 = 69. Let d = -28 - b. What is the remainder when 20 is divided by d?
4
Let u be 6/(-33) + 1160/88. Let m = u + -4. What is the remainder when 44 is divided by m?
8
What is the remainder when 60/(-72) + (-383)/(-6) is divided by 17?
12
Let m(k) = k**3 - 7*k**2 + 7*k - 4. Let z = -6 + 12. Let o be m(z). Suppose -6*p + 56 = -o*p. What is the remainder when 25 is divided by p?
11
Let t(b) = -13*b**3 + b. Let m be t(-1). What is the remainder when 16/m*(-6)/(-1) is divided by ((-3)/5)/((-1)/5)?
2
Let v(d) = -d**2 + 29*d - 140. What is the remainder when v(16) is divided by 14?
12
Suppose 0*l = -2*l + 5*h + 28, l - 2*h - 12 = 0. Suppose -l*i - 85 = -3*m, m + 0*i = -5*i + 41. Let z = 4 + 4. What is the remainder when m is divided by z?
7
Let w(f) = 2*f**2 + 13*f - 20. Let q be w(-10). Suppose -q = -2*d - 22. Calculate the remainder when 26 is divided by d.
12
Suppose -10*a - 155 - 285 = 0. Calculate the remainder when 28 is divided by 1/((3/8)/((-165)/a)).
8
Let a(g) = 3*g - 1. Let s(x) = 10*x - 351. What is the remainder when s(39) is divided by a(5)?
11
Let s(r) = 4*r + 22. Let p be s(-4). Suppose 5*u + p*n - 39 = 2*n, -4*u = 2*n - 30. What is the remainder when u is divided by 4?
3
Let h be 39/(-91) + 62/14. Suppose 44 + 7 = 5*t + 3*a, 2*t + h*a - 26 = 0. Calculate the remainder when t is divided by 2.
1
Let t be 2/((-9)/(-6) - 1). Suppose 3*q = -2*p + 65, t*q + 6*p - 89 = p. What is the remainder when 62 is divided by q?
20
Let k(b) = 19*b**3 - b**2 + 5*b - 4. Calculate the remainder when k(2) is divided by 26.
24
Suppose 0 = -4*u + 3*s - 664, 0 = 5*u - 4*s + 1326 - 497. Let q = 242 + u. What is the remainder when q is divided by 19?
16
Suppose 0 = 12*f - 84 - 24. Suppose -5*n = -2*n - 48. Calculate the remainder when n is divided by f.
7
Let u be (-144)/32*(-4)/9. Suppose -3*w - 49 = -2*t, 2*w - u = -t - w. What is the remainder when 82 is divided by t?
14
Let j = 21 - -55. What is the remainder when j is divided by (-455)/(-10)*(-12)/(-21)?
24
Let n = 61 - 32. Suppose 0 = u - n - 5. Calculate the remainder when u is divided by 12.
10
Let i = -320 + 213. Let c = -90 - i. Calculate the remainder when 50 is divided by c.
16
Let l(a) = 9*a**2 + 3*a - 1. Let q be (-1)/(3/9*-1) + -2. Calculate the remainder when 21 is divided by l(q).
10
Let t(b) = b**3 - 8*b**2 + 8*b + 11. Suppose w = -2*w. Suppose -k - k + 14 = w. Calculate the remainder when t(k) is divided by 7.
4
Suppose 93*r - 399 = 86*r. What is the remainder when 218 is divided by r?
47
Suppose 0 = -7*v + 2*v - 225. Calculate the remainder when (-1)/((2/v)/2) is divided by 24.
21
Let c = 9373 - 4474. What is the remainder when c is divided by 100?
99
Let r = -10 - -12. Suppose t + 227 = 2*i + 2*t, 224 = r*i + 2*t. What is the remainder when 25 is divided by (-2)/(-9) - i/(-9)?
12
Suppose -10*k + 12*k - 122 = 0. Suppose 2*t - 5*t = 5*l - 577, 0 = -l - 4*t + 112. Calculate the remainder when l is divided by k.
55
Suppose 24*j = 16*j + 744. Let l = 106 - 59. Calculate the remainder when j is divided by l.
46
Let l = -1060 - -1057. Let t be -4*((-30)/(-4))/(-3). Let a = t - l. Calculate the remainder when a is divided by 5.
3
Let v = -2 + 4. Let a be (18/10)/((-1)/(-5)). Suppose 2*y - 3*q - v = 0, a = 4*y - 3*q - 7. Calculate the remainder when 20 is divided by y.
6
Suppose p - 349 = 4*g - 0*p, 2*p - 96 = g. Suppose -4*b = 4*h, -b - 3 = -h - h. Calculate the remainder when (-4 + g/(-2))*h is divided by 14.
11
Let x be 5 - (9/27 + (-6)/(-9)). Suppose 9*o - 12*o - x*s + 83 = 0, 4*s = -2*o + 62. What is the remainder when 39 is divided by o?
18
Suppose i - 5*v = 72, 3*v - 126 = 2*i - 5*i. Let x = i + -6. What is the remainder when x is divided by 123/9 - 2/(-6)?
13
Let v(o) = -o**2 - 15*o - 26. Let n be v(-20). Let i(k) = k**2 - k - 49. Let r be i(0). Let f = r - n. What is the remainder when f is divided by 20?
17
Let s = 5 - -1. Suppose -204 + 24 = -4*v. Suppose 22*h - 27*h = -v. What is the remainder when h is divided by s?
3
What is the remainder when 99 is divided by 25 + (8 - 2)/1?
6
Suppose -5*q = -c - 158, -c + 1 - 4 = 0. What is the remainder when 48 is divided by q?
17
Suppose 4*q = -12, -4*a = q + 4 - 1. Suppose r = -n - a + 9, r + 4*n = 3. Suppose -168 = -7*l + 3*l. Calculate the remainder when l is divided by r.
9
Let j(d) = -2*d**2 - 13*d + 10. Let s(x) = -4*x**2 - 14*x + 5*x**2 - 4*x**2 + 9. Let l(t) = 4*j(t) - 3*s(t). Calculate the remainder when l(10) is divided by 4.
1
Let f(h) = 3*h - 4. Let y be f(5). Suppose -15 = -y*n + 8*n. What is the remainder when 19 is divided by n?
4
Let j(w) = w**2 - 4*w + 1. Let n be j(6). Let h = n + -5. Let p(a) = a**2 + 8*a - 4. Calculate the remainder when p(-11) is divided by h.
5
Suppose -3*m - 28 = -3*l + 14, -5*m = 10. Let o = 31 - 9. Calculate the remainder when o is divided by l.
10
Let v = 24 + 15. Let r = v - 27. Calculate the remainder when 3 - (3 + 2 + -24) is divided by r.
10
Suppose 5*k - 210 = -5*q + 335, -2*k = -q + 100. Suppose 48 = 3*n + 4*m, -5*n - 2*m + 46 = -20. Calculate the remainder when q is divided by n.
10
Suppose 5*n - 25 + 2 = d, 3*n + 3*d = 3. Suppose 2*g = -5*c + 56, 5*c - 52 = -0*c - n*g. What is the remainder when c is divided by 7?
5
Let o(v) = -v + 20. What is the remainder when o(10) is divided by 6?
4
Let q(p) be the third derivative of p**6/60 - p**5/30 + p**4/12 + 2*p**3/3 + 4*p**2. What is the remainder when 76 is divided by q(2)?
12
Suppose -8*j - 15540 = -20*j. Suppose j = 5*o + 110. Calculate the remainder when o is divided by 40.
37
What is the remainder when 322 is divided by (-3 - 62)*1/(-1)?
62
Let n(i) = -50*i**3 - 7*i**2 - 11*i - 5. Let v be (381/4)/(-3)*-4. What is the remainder when n(-1) is divided by (-2)/5 + v/5?
24
Let b(t) = 2*t - 1. Let i = 453 + -436. Calculate the remainder when i is divided by b(3).
2
Let x = 32 - 32. Let y(k) = k**3 - 2*k + 10. What is the remainder when y(x) is divided by (3/(-4))/((-6)/24)?
1
Let i(b) = -b**3 + 16*b**2 + 19*b + 8. Let j = -238 - -338. Suppose 5*z - j = -4*f - f, -2*f = z - 37. Calculate the remainder when i(f) is divided by 15.
12
Let r = 703 - 481. Let l be (-2)/7 - r/(-42). Suppose -h + 1 + 2 = z, l*h - 18 = -2*z. What is the remainder when h is divided by 1?
0
Suppose -5*u - 16 = -l, 5*u - 63 = -4*l + 76. What is the remainder when l is divided by 17?
14
Let f(n) be the second derivative of n**3/6 + 7*n**2 + 14*n. Let s be f(-12). Let c = s - -15. Calculate the remainder when c is divided by 3.
2
Suppose 0 = m - 148 - 56. Calculate the remainder when 2/6*m/1 is divided by 7.
5
What is the remainder when (84/35)/(15/125) is divided by 11?
9
Suppose 9*k - 30*k + 7623 = 0. What is the remainder when k is divided by 28?
27
Let o(f) = -3*f - 3. Suppose -13*g + 30 + 22 = 0. What is the remainder when o(-6) is divided by g?
3
Suppose -16 - 8 = -3*t. Let d(u) = -u**2 + 17*u - 8. Let c be d(12). Suppose -c = -3*n - 4*f, -4*f + t = n - 4. Calculate the remainder when n is divided by 7.
6
Suppose -164 = -5*g + 4*t + 50, 0 = 4*g + 4*t - 200. What is the remainder when g is divided by 4?
2
Calculate the remainder when (26 + 2 - 5) + -1 is divided by 19.
3
Let n be 14 - 0 - (-1 - -1). Let g = 18 - n. What is the remainder when 9 is divided by g?
1
Let k(r) = -51*r + 3. Let f be k(-2). Let u = -98 + f. Let o = 31 + -22. Calculate the remainder when o is divided by u.
2
Suppose -4*g = -h - 103, 5*h - 17 = 8. What is the remainder when 80 is divided by g?
26
Suppose -788 + 308 = -16*j. What is the remainder when 57 is divided by j?
27
Let p(x) = -2*x - 2. Let f be p(-29). Let b = f - 23. Calculate the remainder when 228 is divided by b.
30
Let w be (-4)/8 + 21/(-6). Let x(z) = -8*z - 4. Calculate the remainder when 52 is divided by x(w).
24
Let u(r) be the second derivative of -r**4/12 - 13*r**3/6 - 11*r**2/2 + 2*r. Let l be -3*6/(-9) + 10/(-1). Calculate the remainder when u(l) is divided by 16.
13
Let a(n) = -n**3 + 22*n**2 